{"id":1214,"date":"2023-09-03T15:11:51","date_gmt":"2023-09-03T13:11:51","guid":{"rendered":"http:\/\/serwer212912.lh.pl\/autoinstalator\/serwer212912.lh.pl\/wordpress27246\/?page_id=1214"},"modified":"2024-04-05T22:20:28","modified_gmt":"2024-04-05T20:20:28","slug":"o-nas","status":"publish","type":"page","link":"https:\/\/beeleco.pl\/?page_id=1214","title":{"rendered":"O nas"},"content":{"rendered":"\t\t<div data-elementor-type=\"wp-page\" data-elementor-id=\"1214\" class=\"elementor elementor-1214\">\n\t\t\t\t\t\t<section class=\"elementor-section elementor-top-section elementor-element elementor-element-375b625 elementor-section-boxed elementor-section-height-default elementor-section-height-default\" data-id=\"375b625\" data-element_type=\"section\" data-e-type=\"section\">\n\t\t\t\t\t\t<div class=\"elementor-container elementor-column-gap-default\">\n\t\t\t\t\t<div class=\"elementor-column elementor-col-100 elementor-top-column elementor-element elementor-element-ba18726\" data-id=\"ba18726\" data-element_type=\"column\" data-e-type=\"column\">\n\t\t\t<div class=\"elementor-widget-wrap elementor-element-populated\">\n\t\t\t\t\t\t<div class=\"elementor-element elementor-element-556fa05 elementor-widget elementor-widget-text-editor\" data-id=\"556fa05\" data-element_type=\"widget\" data-e-type=\"widget\" data-widget_type=\"text-editor.default\">\n\t\t\t\t<div class=\"elementor-widget-container\">\n\t\t\t\t\t\t\t\t\t<p>Witamy Was serdecznie.<\/p><p>\u00a0<\/p><p>Jeste\u015bmy dw\u00f3jk\u0105 ludzi z wielk\u0105 pasj\u0105 , pono\u0107 troszk\u0119 szalonymi z mi\u0142o\u015bci do tego co tworzymy.<\/p><p>Zajmujemy si\u0119 tworzeniem bi\u017cuterii, praktycznie ze wszystkiego.<\/p><p>Cz\u0119sto co\u015b wpada nam w r\u0119k\u0119 i ju\u017c wiemy \u017ce co\u015b z tego powstanie \ud83d\ude42 cho\u0107 czasem musi to &#8222;co\u015b&#8221; zyska\u0107 mocy urz\u0119dowej.<\/p><p>G\u0142\u00f3wnym naszym surowcem jest \u017cywica i drewno, robimy z niej prosta bi\u017cuteri\u0119 dla tych co lubi\u0105 minimalizm,<\/p><p>jak r\u00f3wnie\u017c tworzymy\u00a0 mikro \u015bwiaty ro\u015blinne.<\/p><p>W naszej ofercie mo\u017cecie znale\u017a\u0107 r\u00f3wnie\u017c bi\u017cuteri\u0119 steampunk,\u00a0 gotyck\u0105, chainamail i eko.<\/p><p>Nie zapominamy te\u017c o naszych ma\u0142ych milusi\u0144skich, oni te\u017c znajd\u0105 co\u015b w naszej ofercie.<\/p><p>Mog\u0105 to by\u0107 r\u00f3\u017cnego rodzaju smakowito\u015bci z mas termoutwardzalnych, szalone kolczyki z kredek lub klock\u00f3w lego.<\/p><p>Opr\u00f3cz bi\u017cuterii tworzymy r\u00f3wnie\u017c szkatu\u0142ki drewniane, zegary, lampy i r\u00f3\u017cnego rodzaju dekoracje do domu g\u0142\u00f3wnie z drewna.<\/p><p>W ka\u017cdy nasz Tw\u00f3r wk\u0142adamy ca\u0142e serce, jak to u r\u0119kodzielnik\u00f3w bywa nasz handmade to taki troch\u0119 heartmade \ud83d\ude42<\/p><p>Wi\u0119kszo\u015b\u0107 naszych produkt\u00f3w jest niepowtarzalna i wyj\u0105tkowa, bo taka jest natura a my staramy si\u0119 \u017cy\u0107 z ni\u0105 w zgodzie.<\/p><p>Jak zapewne wiecie ka\u017cdy produkt tworzony r\u0119cznie jest wyj\u0105tkowy i nie kupi si\u0119 go w sklepach sieciowych w galeriach handlowych.<\/p><p>\u00a0<\/p><p>Ka\u017cdy nasz produkt tworzymy z mi\u0142o\u015bci\u0105 do&#8230;&#8230;<\/p><p>\u00a0<\/p><p>Mamy nadziej\u0119 \u017ce nasza oferta Ci\u0119 zadowoli.<\/p><p>Je\u015bli jednak nie znale\u017ali\u015bcie tego wyj\u0105tkowego produktu dla siebie, zapraszamy do kontaktu mo\u017ce uda nam si\u0119 sprosta\u0107<\/p><p>waszym wymaganiom i stworzy\u0107 co\u015b wyj\u0105tkowego specjalnie dla Ciebie.<\/p><p>\u00a0<\/p><p>Je\u015bli masz jakiekolwiek pytania zapraszamy do kontaktu<\/p><p>\u00a0<a href=\"mailto:biuro@beeleco.pl\">biuro@beeleco.pl<\/a>\u00a0<\/p><p>lub osobi\u015bcie na ul. Floria\u0144sk\u0105 53\u00a0 w Krakowie blisko Bramy Floria\u0144skiej.<\/p><p>Zapraszamy was serdecznie<\/p><p>Marta, Waldek i nasz ukochany Stefan<\/p><p>\u00a0<\/p>\t\t\t\t\t\t\t\t<\/div>\n\t\t\t\t<\/div>\n\t\t\t\t<div class=\"elementor-element elementor-element-a92024f elementor-widget elementor-widget-image\" data-id=\"a92024f\" data-element_type=\"widget\" data-e-type=\"widget\" data-widget_type=\"image.default\">\n\t\t\t\t<div class=\"elementor-widget-container\">\n\t\t\t\t\t\t\t\t\t\t\t\t\t\t\t<img fetchpriority=\"high\" decoding=\"async\" width=\"426\" height=\"560\" src=\"https:\/\/beeleco.pl\/wp-content\/uploads\/2024\/04\/pobrane-6i.jpg\" class=\"attachment-large size-large wp-image-4786\" alt=\"\" srcset=\"https:\/\/beeleco.pl\/wp-content\/uploads\/2024\/04\/pobrane-6i.jpg 426w, https:\/\/beeleco.pl\/wp-content\/uploads\/2024\/04\/pobrane-6i-228x300.jpg 228w\" sizes=\"(max-width: 426px) 100vw, 426px\" \/>\t\t\t\t\t\t\t\t\t\t\t\t\t\t\t<\/div>\n\t\t\t\t<\/div>\n\t\t\t\t\t<\/div>\n\t\t<\/div>\n\t\t\t\t\t<\/div>\n\t\t<\/section>\n\t\t\t\t<\/div>\n\t\t","protected":false},"excerpt":{"rendered":"<p>Witamy Was serdecznie. \u00a0 Jeste\u015bmy dw\u00f3jk\u0105 ludzi z wielk\u0105 pasj\u0105 , pono\u0107 troszk\u0119 szalonymi z mi\u0142o\u015bci do tego co tworzymy. [&hellip;]<\/p>\n","protected":false},"author":1,"featured_media":0,"parent":0,"menu_order":0,"comment_status":"closed","ping_status":"closed","template":"","meta":{"site-sidebar-layout":"no-sidebar","site-content-layout":"page-builder","ast-site-content-layout":"full-width-container","site-content-style":"default","site-sidebar-style":"default","ast-global-header-display":"","ast-banner-title-visibility":"","ast-main-header-display":"","ast-hfb-above-header-display":"","ast-hfb-below-header-display":"","ast-hfb-mobile-header-display":"","site-post-title":"disabled","ast-breadcrumbs-content":"","ast-featured-img":"disabled","footer-sml-layout":"","ast-disable-related-posts":"","theme-transparent-header-meta":"","adv-header-id-meta":"","stick-header-meta":"","header-above-stick-meta":"","header-main-stick-meta":"","header-below-stick-meta":"","astra-migrate-meta-layouts":"default","ast-page-background-enabled":"default","ast-page-background-meta":{"desktop":{"background-color":"","background-image":"","background-repeat":"repeat","background-position":"center center","background-size":"auto","background-attachment":"scroll","background-type":"","background-media":"","overlay-type":"","overlay-color":"","overlay-opacity":"","overlay-gradient":""},"tablet":{"background-color":"","background-image":"","background-repeat":"repeat","background-position":"center center","background-size":"auto","background-attachment":"scroll","background-type":"","background-media":"","overlay-type":"","overlay-color":"","overlay-opacity":"","overlay-gradient":""},"mobile":{"background-color":"","background-image":"","background-repeat":"repeat","background-position":"center center","background-size":"auto","background-attachment":"scroll","background-type":"","background-media":"","overlay-type":"","overlay-color":"","overlay-opacity":"","overlay-gradient":""}},"ast-content-background-meta":{"desktop":{"background-color":"var(--ast-global-color-5)","background-image":"","background-repeat":"repeat","background-position":"center center","background-size":"auto","background-attachment":"scroll","background-type":"","background-media":"","overlay-type":"","overlay-color":"","overlay-opacity":"","overlay-gradient":""},"tablet":{"background-color":"var(--ast-global-color-5)","background-image":"","background-repeat":"repeat","background-position":"center center","background-size":"auto","background-attachment":"scroll","background-type":"","background-media":"","overlay-type":"","overlay-color":"","overlay-opacity":"","overlay-gradient":""},"mobile":{"background-color":"var(--ast-global-color-5)","background-image":"","background-repeat":"repeat","background-position":"center center","background-size":"auto","background-attachment":"scroll","background-type":"","background-media":"","overlay-type":"","overlay-color":"","overlay-opacity":"","overlay-gradient":""}},"footnotes":""},"class_list":["post-1214","page","type-page","status-publish","hentry"],"jetpack_sharing_enabled":true,"_links":{"self":[{"href":"https:\/\/beeleco.pl\/index.php?rest_route=\/wp\/v2\/pages\/1214","targetHints":{"allow":["GET"]}}],"collection":[{"href":"https:\/\/beeleco.pl\/index.php?rest_route=\/wp\/v2\/pages"}],"about":[{"href":"https:\/\/beeleco.pl\/index.php?rest_route=\/wp\/v2\/types\/page"}],"author":[{"embeddable":true,"href":"https:\/\/beeleco.pl\/index.php?rest_route=\/wp\/v2\/users\/1"}],"replies":[{"embeddable":true,"href":"https:\/\/beeleco.pl\/index.php?rest_route=%2Fwp%2Fv2%2Fcomments&post=1214"}],"version-history":[{"count":4,"href":"https:\/\/beeleco.pl\/index.php?rest_route=\/wp\/v2\/pages\/1214\/revisions"}],"predecessor-version":[{"id":4789,"href":"https:\/\/beeleco.pl\/index.php?rest_route=\/wp\/v2\/pages\/1214\/revisions\/4789"}],"wp:attachment":[{"href":"https:\/\/beeleco.pl\/index.php?rest_route=%2Fwp%2Fv2%2Fmedia&parent=1214"}],"curies":[{"name":"wp","href":"https:\/\/api.w.org\/{rel}","templated":true}]}}